 be x(-5). Let f = -98 - a. What is the remainder when f is divided by 5?
4
Let f = 2840 - 2203. What is the remainder when f is divided by 9?
7
Suppose -s + 8 = -j - 3*s, j - 3*s = -8. Calculate the remainder when 83 is divided by (-14 - (j + -2))*11/(-2).
17
Let z(p) = -2*p**3 + 15*p**2 + 19*p - 14. What is the remainder when 6140 is divided by z(8)?
72
Suppose -r + 46 = y - 3, -4*y = -5*r - 223. Suppose 5*a = -3*k - 45, -2*k - 4*a + 45 = -5*k. Let i = k + 42. What is the remainder when y is divided by i?
25
Let r = 406 + -388. Suppose 306 = 5*l - 2*l - 4*b, l + b - 102 = 0. What is the remainder when l is divided by r?
12
Suppose 5*o + k - 315 = 523, -4*k = -12. Calculate the remainder when o is divided by 44.
35
Suppose g + 188*v = 183*v + 1744, g = -v + 1740. Calculate the remainder when g is divided by 13.
10
Let o = 27075 - 26973. What is the remainder when 493 is divided by o?
85
Let t be ((-1620)/50)/(4/(-10)). Suppose 2*b - 4*r = -5*r + 147, r + t = b. Calculate the remainder when b is divided by 21.
13
Let b(u) = u**3 + 12*u**2 - 10*u + 9. Calculate the remainder when 133 is divided by b(-12).
4
Let d(s) = s**3 - 12*s**2 - 46*s - 16. Calculate the remainder when d(20) is divided by 34.
20
Let z = -143 - -67. Let g = 107 + z. Let q = 474 + -414. What is the remainder when q is divided by g?
29
Let h(k) = -2*k**2 + 19*k - 20. Let n be h(8). Calculate the remainder when 2/n + ((-675)/(-10) - 4) is divided by 11.
9
Suppose -3*b + 135 = 2*b. Let d(m) = -25*m - 5. Let n(q) = -q**2 + 25*q + 6. Let x(p) = -4*d(p) - 3*n(p). Calculate the remainder when x(-10) is divided by b.
25
Suppose 13 = c - 11. Let z(h) = -7*h**3 - 4*h**2 + 7*h - 22. Let i be z(5). Calculate the remainder when i/(-14) - (-3)/(63/6) is divided by c.
21
Suppose -4*c - 4784 = -8*c - 4*x, 5*c - 6007 = 4*x. Calculate the remainder when c is divided by 135.
119
Let i(s) = 2*s**2 + 142*s - 1503. Calculate the remainder when i(10) is divided by 27.
9
Let h(v) = -34*v - 1119. What is the remainder when h(-47) is divided by 121?
116
Suppose -16*s + 288 = -18*s. Let w = -69 - s. Let c = 44 + w. Calculate the remainder when c is divided by 40.
39
Let d = 25585 - 25234. Calculate the remainder when 642 is divided by d.
291
What is the remainder when 4653 is divided by (1/2 - (-1071)/(-1386)) + 5688/44?
9
Let s(c) = 14*c**2 + 117*c + 114. Calculate the remainder when 1179 is divided by s(-1).
2
Let k(c) = -73*c - 1791. Calculate the remainder when k(-69) is divided by 38.
16
Let g(p) = 8*p**2 - 2*p + 16. Let u(o) = o**2 - 2*o. Let l(z) = g(z) - 4*u(z). What is the remainder when 305 is divided by l(-3)?
33
Suppose -5*z = -r + 4*r + 282, r = z - 86. Let i = r - -92. Suppose 3*c + 5*a = 17 + 27, 0 = -i*c + a + 20. What is the remainder when c is divided by 8?
0
Suppose -284 = -4*t + 8. Suppose -8*w + 79 = -t. Calculate the remainder when 29 is divided by w.
10
Let y = -13563 + 13579. Calculate the remainder when 3575 is divided by y.
7
Let r(q) = -q**3 - 7*q**2 - 10*q + 9. Suppose 0 = -20*o + 26*o - 264. Calculate the remainder when o is divided by r(-5).
8
Suppose -p + 513*r + 11 = 515*r, 3*p - 3*r - 87 = 0. What is the remainder when 194 is divided by p?
10
Let l = 42 - 35. Let t(q) = -1. Let j(b) = 8*b + 16. Let i(z) = -j(z) + 2*t(z). Calculate the remainder when i(-8) is divided by l.
4
Suppose -5*x + 15 = -5*q, 2*x = -q - 5 - 13. What is the remainder when 79 is divided by (-170)/q + (27/12)/(-9)?
16
Let m(s) = 6*s**2 - 148*s + 1034. Calculate the remainder when 638 is divided by m(7).
54
Let v be (23/46)/(3/1218). Let d = v - 85. Calculate the remainder when d is divided by 61.
57
Suppose 13109 = 242*c - 18835. Calculate the remainder when 1046 is divided by c.
122
Suppose 3*c - 7*y = -6*y + 347, 0 = 4*c + 3*y - 454. What is the remainder when c is divided by 39?
37
Suppose -5*c - 86 = 5*m - 311, -4*m = -4*c - 220. What is the remainder when (m - 1) + (-5)/((-15)/12) is divided by 9?
8
Suppose 0 = -4*m + 2*w + 1684, 2*m - 90 = -w + 752. Calculate the remainder when 3792 is divided by m.
3
Let u be 1*(12/(-8) - -2)*6. Suppose u*i = 4*m + 107, -4*i + 5*m + 0*m = -141. What is the remainder when i is divided by 15?
14
What is the remainder when 102 is divided by (-2860)/(-50) + (-7)/35?
45
Suppose 5*q - 128 = -3*l, 172 = 3*q - 5*l + 68. What is the remainder when q is divided by 24?
4
Let y = 69 - 56. Suppose -2378 = -y*p - 701. What is the remainder when p is divided by 33?
30
Suppose 48*x - 59*x + 55 = 0. What is the remainder when 203 is divided by (-9 + 2)/((-1)/x)?
28
Let i = 377 + -374. Suppose o = -5*r + 80, -4*r + 4 = i*o - 49. What is the remainder when (-396)/(-14) - (-2)/(-7) is divided by r?
11
Suppose -527*j + 547*j = 860. Calculate the remainder when 424 is divided by j.
37
Let j be (12/14)/((-15)/(-315)). Suppose m = j*m - m. Suppose 5*r + 3*t + t - 88 = 0, m = -5*r + 5*t + 115. What is the remainder when 71 is divided by r?
11
Let r = 298 + -300. What is the remainder when r/13 - 2032/(-26) is divided by 40?
38
Suppose -4*s - 31*l = -26*l - 414, 4*l = 3*s - 295. Calculate the remainder when 602 is divided by s.
97
Let u(h) = 2*h**2 + 11*h + 4. Suppose 0 = k + 4*k + 35. Let y be u(k). Suppose 24*l + 77 = y*l. What is the remainder when l is divided by 16?
13
Let n be (-3 - -9) + 5 + -6. Suppose n*s = 3*v + 16, -v + 2*s = -0*s + 7. Suppose 1 = -o + 4. What is the remainder when o is divided by v?
0
Let l = 9151 - 9129. Suppose 2 = -4*g + 22. Let b(o) = -o**3 + 5*o**2 + 4. Calculate the remainder when l is divided by b(g).
2
Let r(i) = -i**3 - 7*i**2 + 11. Let v be r(-8). Let u be (-555)/v + 1/(10/4). Let f(l) = -l**2 - 8*l + 10. What is the remainder when 33 is divided by f(u)?
16
Suppose -2*x = -2*t - 1370, 8*t - 9*t = -3*x + 2061. Let u = x + -340. What is the remainder when u is divided by 35?
33
Suppose -5*i - 2*k + 31 = -20, 0 = 2*i - 2*k - 26. Suppose 13*u + 162 = 19*u. What is the remainder when u is divided by i?
5
Let w(h) = h**3 - 20*h**2 + 18*h + 21. Let r be w(19). Suppose r*v - 273 = -11*v. What is the remainder when 2/7 - (2232/(-28) - -1) is divided by v?
16
Suppose 6 = q + 2*q - 4*i, i = -4*q + 27. Suppose 0 = 3*z - q + 21. Calculate the remainder when 13 is divided by 0 - (-4 + 6) - z.
1
Let v = 277 - 218. Let y = 104 - v. Calculate the remainder when y is divided by 4.
1
Suppose -21*j = -4*j - 255. Calculate the remainder when ((-89)/(-4))/1 - (-8)/(-32) is divided by j.
7
Suppose -29843 + 5147 = -93*g + 30*g. Calculate the remainder when g is divided by 118.
38
Let b(h) = 5*h + 44. Let y = 193 + -188. Calculate the remainder when b(y) is divided by 7.
6
Suppose 0 = k - 4*y - 576, 3*k - 1856 = 4*y - 64. What is the remainder when k is divided by 445?
163
Suppose -3*f - 5*a + 10 = -0*f, 0 = 3*a - 15. Suppose -6*l + 109 = 169. Calculate the remainder when ((-16)/5)/(f - 46/l) is divided by 4.
0
Let d(c) = -11*c**3 + 4*c**2 + 3*c + 1. Suppose 69 = 4*a - 76 - 55. Calculate the remainder when d(-2) is divided by a.
49
Suppose 0 = 22*b - 322 - 602. Suppose 0 = 5*i - f - 70, 8*f + b = 3*i + 6*f. Calculate the remainder when 33 is divided by i.
5
What is the remainder when 73 is divided by (4 - 12 - -4)*259/(-28)*1?
36
Let s(n) = 40*n + 5470. Calculate the remainder when s(-119) is divided by 139.
15
Suppose o = 4*l + 58, 22 + 42 = o - l. Let y(x) = -x**2 - 16*x - 40. What is the remainder when o is divided by y(-9)?
20
Suppose -628 = -100*p + 307 + 265. Calculate the remainder when 8134 is divided by p.
10
Let o = -1041 - -1069. Suppose 2*w - 3*a = -4, -4*a + 3*a + 12 = 2*w. Suppose -4*d + 36 = -w. What is the remainder when o is divided by d?
8
Suppose 5*a = 2*o - 517 - 695, -o + 606 = 5*a. Let n = -595 + o. Calculate the remainder when 55 is divided by n.
0
Let p(m) = 7*m - 6. Suppose 1085 = 43*i + 61*i - 5987. Calculate the remainder when i is divided by p(6).
32
Suppose 5*j + 2*m - 14 = 0, 5*j = 10*j - 4*m - 32. Suppose -4*h - n = -2195, 3*h + 85 = -j*n + 1715. What is the remainder when h is divided by 46?
44
Let b(h) = -5*h**2 - 38*h - 4. What is the remainder when b(-5) is divided by 3?
1
Suppose 5*u + 4*o - 281 = 12, 2*o + 6 = 0. Calculate the remainder when 1889 is divided by u.
59
Suppose 68 = -5*k + 193. Suppose -k + 322 = 2*s + i, 448 = 3*s 